{"id":71,"date":"2024-02-07T18:28:40","date_gmt":"2024-02-07T15:28:40","guid":{"rendered":"https:\/\/ezdesirkemali.de\/?page_id=71"},"modified":"2025-09-13T10:14:41","modified_gmt":"2025-09-13T07:14:41","slug":"person","status":"publish","type":"page","link":"https:\/\/ezdesirkemali.de\/index.php\/tr\/person\/","title":{"rendered":"Ki\u015fisel"},"content":{"rendered":"<nav class=\"has-background has-ti-bg-alt-background-color is-responsive items-justified-center alignwide wp-block-navigation is-content-justification-center is-layout-flex wp-container-core-navigation-is-layout-a89b3969 wp-block-navigation-is-layout-flex\" aria-label=\"\u00dcst bilgi gezinmesi\" \n\t\t data-wp-interactive=\"core\/navigation\" data-wp-context='{\"overlayOpenedBy\":{\"click\":false,\"hover\":false,\"focus\":false},\"type\":\"overlay\",\"roleAttribute\":\"\",\"ariaLabel\":\"Men\\u00fc\"}'><button aria-haspopup=\"dialog\" aria-label=\"Men\u00fcy\u00fc a\u00e7\" class=\"wp-block-navigation__responsive-container-open\" \n\t\t\t\tdata-wp-on--click=\"actions.openMenuOnClick\"\n\t\t\t\tdata-wp-on--keydown=\"actions.handleMenuKeydown\"\n\t\t\t><svg width=\"24\" height=\"24\" xmlns=\"http:\/\/www.w3.org\/2000\/svg\" viewBox=\"0 0 24 24\" aria-hidden=\"true\" focusable=\"false\"><path d=\"M4 7.5h16v1.5H4z\"><\/path><path d=\"M4 15h16v1.5H4z\"><\/path><\/svg><\/button>\n\t\t\t\t<div class=\"wp-block-navigation__responsive-container\"  id=\"modal-1\" \n\t\t\t\tdata-wp-class--has-modal-open=\"state.isMenuOpen\"\n\t\t\t\tdata-wp-class--is-menu-open=\"state.isMenuOpen\"\n\t\t\t\tdata-wp-watch=\"callbacks.initMenu\"\n\t\t\t\tdata-wp-on--keydown=\"actions.handleMenuKeydown\"\n\t\t\t\tdata-wp-on--focusout=\"actions.handleMenuFocusout\"\n\t\t\t\ttabindex=\"-1\"\n\t\t\t>\n\t\t\t\t\t<div class=\"wp-block-navigation__responsive-close\" tabindex=\"-1\">\n\t\t\t\t\t\t<div class=\"wp-block-navigation__responsive-dialog\" \n\t\t\t\tdata-wp-bind--aria-modal=\"state.ariaModal\"\n\t\t\t\tdata-wp-bind--aria-label=\"state.ariaLabel\"\n\t\t\t\tdata-wp-bind--role=\"state.roleAttribute\"\n\t\t\t>\n\t\t\t\t\t\t\t<button aria-label=\"Men\u00fcy\u00fc kapat\" class=\"wp-block-navigation__responsive-container-close\" \n\t\t\t\tdata-wp-on--click=\"actions.closeMenuOnClick\"\n\t\t\t><svg xmlns=\"http:\/\/www.w3.org\/2000\/svg\" viewBox=\"0 0 24 24\" width=\"24\" height=\"24\" aria-hidden=\"true\" focusable=\"false\"><path d=\"m13.06 12 6.47-6.47-1.06-1.06L12 10.94 5.53 4.47 4.47 5.53 10.94 12l-6.47 6.47 1.06 1.06L12 13.06l6.47 6.47 1.06-1.06L13.06 12Z\"><\/path><\/svg><\/button>\n\t\t\t\t\t\t\t<div class=\"wp-block-navigation__responsive-container-content\" \n\t\t\t\tdata-wp-watch=\"callbacks.focusFirstElement\"\n\t\t\t id=\"modal-1-content\">\n\t\t\t\t\t\t\t\t<ul class=\"wp-block-navigation__container has-background has-ti-bg-alt-background-color is-responsive items-justified-center alignwide wp-block-navigation\"><li class=\" wp-block-navigation-item wp-block-navigation-link\"><a class=\"wp-block-navigation-item__content\"  href=\"https:\/\/ezdesirkemali.de\/index.php\/saglik-yasam-kocu\/\"><span class=\"wp-block-navigation-item__label\">Sa\u011fl\u0131k ve Ya\u015fam Ko\u00e7u<\/span><\/a><\/li><li class=\" wp-block-navigation-item wp-block-navigation-link\"><a class=\"wp-block-navigation-item__content\"  href=\"https:\/\/ezdesirkemali.de\/index.php\/tr\/person\/\"><span class=\"wp-block-navigation-item__label\">Ki\u015fisel<\/span><\/a><\/li><li class=\" wp-block-navigation-item wp-block-navigation-link\"><a class=\"wp-block-navigation-item__content\"  href=\"https:\/\/ezdesirkemali.de\/index.php\/tr\/konusmaci\/\"><span class=\"wp-block-navigation-item__label\">Konu\u015fmac\u0131<\/span><\/a><\/li><li class=\" wp-block-navigation-item wp-block-navigation-link\"><a class=\"wp-block-navigation-item__content\"  href=\"https:\/\/ezdesirkemali.de\/index.php\/tr\/yazar\/\"><span class=\"wp-block-navigation-item__label\">Yazar<\/span><\/a><\/li><li class=\" wp-block-navigation-item wp-block-navigation-link\"><a class=\"wp-block-navigation-item__content\"  href=\"https:\/\/ezdesirkemali.de\/index.php\/tr\/ogretmen-terapist\/\"><span class=\"wp-block-navigation-item__label\">\u00d6gretmen \/ Terapist<\/span><\/a><\/li><li class=\" wp-block-navigation-item wp-block-navigation-link\"><a class=\"wp-block-navigation-item__content\"  href=\"https:\/\/ezdesirkemali.de\/index.php\/tr\/degerlendirmeler-2\/\"><span class=\"wp-block-navigation-item__label\">De\u011ferlendirmeler<\/span><\/a><\/li><\/ul>\n\t\t\t\t\t\t\t<\/div>\n\t\t\t\t\t\t<\/div>\n\t\t\t\t\t<\/div>\n\t\t\t\t<\/div><\/nav>\n\n\n<figure class=\"wp-block-image aligncenter size-full is-resized\"><img fetchpriority=\"high\" decoding=\"async\" width=\"600\" height=\"777\" src=\"https:\/\/ezdesirkemali.de\/wp-content\/uploads\/2024\/02\/home_ikomt.jpg\" alt=\"\" class=\"wp-image-74\" style=\"width:400px;height:auto\"\/><\/figure>\n\n\n\n<div style=\"height:100px\" aria-hidden=\"true\" class=\"wp-block-spacer\"><\/div>\n\n\n\n<blockquote class=\"wp-block-quote is-layout-flow wp-block-quote-is-layout-flow\">\n<p>&#8220;Hayat de\u011fi\u015ftiren adam&#8221;<\/p>\n<\/blockquote>\n\n\n\n<p><em>S\u0131k\u00e7a al\u0131nt\u0131lanan bir ifade<\/em>&nbsp;<em>m\u00fc\u015fteriler, hastalar ve \u00f6\u011frenciler<\/em><\/p>\n\n\n\n<div style=\"height:100px\" aria-hidden=\"true\" class=\"wp-block-spacer\"><\/div>\n\n\n\n<h2 class=\"wp-block-heading\"><strong>K\u0131saca:<\/strong><\/h2>\n\n\n\n<ul class=\"wp-block-list\">\n<li><\/li>\n<\/ul>\n\n\n\n<ul class=\"wp-block-list\">\n<li>Fizyoterapist olarak 30 y\u0131l\u0131 a\u015fk\u0131n deneyim<\/li>\n\n\n\n<li>\u00d6zel muayenehanede 20 y\u0131l\u0131 a\u015fk\u0131n s\u00fcredir<\/li>\n\n\n\n<li>10&#8217;dan fazla \u00fclkede, 25 y\u0131ldan fazla uluslararas\u0131 \u00f6\u011fretim faaliyetleri<\/li>\n\n\n\n<li>18 Ya\u015f\u0131ndan \u00f6nce b\u00fct\u00fcnsel terapi i\u00e7in kendi \u00f6\u011fretim enstit\u00fcn\u00fcz\u00fc kurmak<\/li>\n\n\n\n<li>A\u011fr\u0131 ve psikosomatik gibi konularda 500&#8217;den fazla ders<\/li>\n\n\n\n<li>Kronik hasta insanlar\u0131n 100.000&#8217;den fazla tedavisi<\/li>\n\n\n\n<li>terap\u00f6tik \u00e7al\u0131\u015fma ba\u011flam\u0131nda Sa\u011fl\u0131k ve Ya\u015fam Ko\u00e7lu\u011fu alan\u0131nda 20 y\u0131ll\u0131k deneyim<\/li>\n\n\n\n<li>D\u00f6rt k\u0131z \u00e7ocu\u011fu babas\u0131<\/li>\n\n\n\n<li>Kahve Bilenler<\/li>\n\n\n\n<li>K\u0131zlar\u0131yla Pazar g\u00fcnleri kahvalt\u0131ya bay\u0131l\u0131rlar.<\/li>\n<\/ul>\n\n\n\n<p>Almanya&#8217;da do\u011fan Ezdesir Kemali, kariyerine \u00e7e\u015fitli sa\u011fl\u0131k tesislerinde fizyoterapist olarak ba\u015flad\u0131.&nbsp;Onun ola\u011fan\u00fcst\u00fc bir \u00f6zelli\u011fi, ba\u015fkalar\u0131n\u0131n yerinde olmas\u0131n\u0131 sa\u011flayan g\u00fc\u00e7l\u00fc empatisidir.<\/p>\n\n\n\n<p>M\u00fc\u015fterileri ile birlikte, \u00f6zellikle a\u011fr\u0131n\u0131n konservatif tedavisi alan\u0131nda, yerdeki sorunlar\u0131n\u0131n nedenlerine gider.&nbsp;Terapideki karma\u015f\u0131k vakalar konusunda uzman olarak uluslararas\u0131 itibar\u0131, ona bir\u00e7ok insan i\u00e7in son umut Stat\u00fcs\u00fcn\u00fc kazand\u0131rd\u0131.<\/p>\n\n\n\n<p>G\u00f6r\u00fcn\u00fc\u015fte umutsuz durumlara \u00e7\u00f6z\u00fcm bulma yetene\u011fine sahiptir.&nbsp;Deneyim, Bilgi, empati ve Sezgi dolu ya\u015fam, m\u00fc\u015fterilerine yard\u0131mc\u0131 olacak ara\u00e7lar\u0131d\u0131r.&nbsp;Ba\u015fl\u0131ca hedefleri, \u0131st\u0131rab\u0131n hafifletilmesi, hastal\u0131\u011f\u0131n \u00f6nlenmesi ve \u00f6z yeterlili\u011fin te\u015fvik edilmesidir.&nbsp;Eski hastalar\u0131n\u0131n ve m\u00fc\u015fterilerinin \u00e7o\u011fu uzun vadeli deste\u011fine ve onu Ya\u015fam Ko\u00e7u olarak ay\u0131rt\u0131n.&nbsp;M\u00fcvekkillerinin hayat\u0131n\u0131n her alan\u0131nda iyi anla\u015f\u0131lmad\u0131\u011f\u0131 ve bu nedenle k\u0131sa s\u00fcreli yard\u0131m i\u00e7in de kullan\u0131labilece\u011fi anla\u015f\u0131lmaktad\u0131r.<\/p>\n\n\n\n<figure class=\"wp-block-image size-full\"><img decoding=\"async\" width=\"1000\" height=\"500\" src=\"https:\/\/ezdesirkemali.de\/wp-content\/uploads\/2024\/02\/Adsiz-tasarim-1.png\" alt=\"\" class=\"wp-image-72\"\/><\/figure>\n","protected":false},"excerpt":{"rendered":"<p>&#8220;Hayat de\u011fi\u015ftiren adam&#8221; S\u0131k\u00e7a al\u0131nt\u0131lanan bir ifade&nbsp;m\u00fc\u015fteriler, hastalar ve \u00f6\u011frenciler K\u0131saca: Almanya&#8217;da do\u011fan Ezdesir Kemali, kariyerine \u00e7e\u015fitli sa\u011fl\u0131k tesislerinde fizyoterapist olarak ba\u015flad\u0131.&nbsp;Onun ola\u011fan\u00fcst\u00fc bir \u00f6zelli\u011fi, ba\u015fkalar\u0131n\u0131n yerinde olmas\u0131n\u0131 sa\u011flayan g\u00fc\u00e7l\u00fc empatisidir. M\u00fc\u015fterileri ile birlikte, \u00f6zellikle a\u011fr\u0131n\u0131n konservatif tedavisi alan\u0131nda, yerdeki sorunlar\u0131n\u0131n nedenlerine gider.&nbsp;Terapideki karma\u015f\u0131k vakalar konusunda uzman olarak uluslararas\u0131 itibar\u0131, ona bir\u00e7ok insan i\u00e7in son [&hellip;]<\/p>\n","protected":false},"author":1,"featured_media":0,"parent":0,"menu_order":0,"comment_status":"closed","ping_status":"closed","template":"","meta":{"footnotes":""},"class_list":["post-71","page","type-page","status-publish","hentry"],"_links":{"self":[{"href":"https:\/\/ezdesirkemali.de\/index.php\/wp-json\/wp\/v2\/pages\/71","targetHints":{"allow":["GET"]}}],"collection":[{"href":"https:\/\/ezdesirkemali.de\/index.php\/wp-json\/wp\/v2\/pages"}],"about":[{"href":"https:\/\/ezdesirkemali.de\/index.php\/wp-json\/wp\/v2\/types\/page"}],"author":[{"embeddable":true,"href":"https:\/\/ezdesirkemali.de\/index.php\/wp-json\/wp\/v2\/users\/1"}],"replies":[{"embeddable":true,"href":"https:\/\/ezdesirkemali.de\/index.php\/wp-json\/wp\/v2\/comments?post=71"}],"version-history":[{"count":9,"href":"https:\/\/ezdesirkemali.de\/index.php\/wp-json\/wp\/v2\/pages\/71\/revisions"}],"predecessor-version":[{"id":235,"href":"https:\/\/ezdesirkemali.de\/index.php\/wp-json\/wp\/v2\/pages\/71\/revisions\/235"}],"wp:attachment":[{"href":"https:\/\/ezdesirkemali.de\/index.php\/wp-json\/wp\/v2\/media?parent=71"}],"curies":[{"name":"wp","href":"https:\/\/api.w.org\/{rel}","templated":true}]}}